6969 a multiple of 18?
False
Is 72 a factor of 552498?
False
Is 9 a factor of 361310?
False
Does 152 divide 1081392?
False
Is 286 a factor of 148148?
True
Is 16 a factor of 89552?
True
Does 74 divide 212578?
False
Is 643600 a multiple of 362?
False
Does 8 divide 4969032?
True
Is 386592 a multiple of 4?
True
Is 546147 a multiple of 254?
False
Is 17 a factor of 631051?
False
Is 4750306 a multiple of 22?
True
Does 128 divide 22894336?
True
Is 11 a factor of 98054?
True
Is 189499 a multiple of 225?
False
Is 60 a factor of 277856?
False
Is 25 a factor of 133422?
False
Does 678 divide 1079376?
True
Is 617103 a multiple of 11?
False
Does 198 divide 116094?
False
Is 78 a factor of 657003?
False
Does 938 divide 166249?
False
Is 1109 a factor of 6010780?
True
Is 625194 a multiple of 445?
False
Is 1322064 a multiple of 332?
False
Is 19 a factor of 1039858?
False
Does 329 divide 146857?
False
Is 387 a factor of 280188?
True
Is 90 a factor of 512460?
True
Is 106 a factor of 300722?
True
Is 132 a factor of 644499?
False
Is 19 a factor of 454206?
False
Is 191 a factor of 2639050?
False
Does 218 divide 4122175?
False
Is 1273 a factor of 4389258?
False
Is 5 a factor of 1201150?
True
Does 47 divide 6287249?
False
Is 48 a factor of 125195?
False
Does 49 divide 336777?
True
Does 185 divide 3019877?
False
Is 465759 a multiple of 357?
False
Is 261 a factor of 770472?
True
Does 554 divide 2614548?
False
Is 88031 a multiple of 23?
False
Does 1968 divide 19115723?
False
Does 62 divide 8270156?
False
Does 85 divide 104899?
False
Is 10 a factor of 11926?
False
Does 813 divide 6277173?
True
Does 41 divide 1285063?
True
Does 209 divide 114532?
True
Does 87 divide 121365?
True
Is 86 a factor of 183094?
True
Is 21 a factor of 64466?
False
Is 17505195 a multiple of 225?
False
Is 78613 a multiple of 127?
True
Is 100 a factor of 1649026?
False
Does 12 divide 324888?
True
Is 69402 a multiple of 86?
True
Is 2715273 a multiple of 21?
False
Does 53 divide 611433?
False
Is 12 a factor of 15591024?
True
Does 157 divide 2911?
False
Does 108 divide 1910861?
False
Is 201859 a multiple of 4?
False
Does 26 divide 250952?
True
Is 26329 a multiple of 22?
False
Is 561164 a multiple of 4?
True
Is 31 a factor of 1867774?
False
Is 2 a factor of 63291?
False
Does 23 divide 121000?
False
Does 7 divide 25541?
False
Is 281 a factor of 10547897?
True
Is 266 a factor of 60315?
False
Is 73 a factor of 10259858?
True
Is 124611 a multiple of 9?
False
Does 12 divide 43416?
True
Does 387 divide 2447001?
True
Does 89 divide 72090?
True
Is 7 a factor of 3659869?
False
Is 8 a factor of 116440?
True
Is 303 a factor of 1844801?
False
Is 7816490 a multiple of 29?
False
Does 102 divide 1995064?
False
Is 713565 a multiple of 15?
True
Does 35 divide 29187?
False
Is 14947029 a multiple of 51?
True
Is 1206 a factor of 4036482?
True
Does 54 divide 186192?
True
Does 230 divide 2536792?
False
Is 4 a factor of 145026?
False
Is 649817 a multiple of 27?
False
Is 545529 a multiple of 73?
True
Is 380910 a multiple of 195?
False
Is 725037 a multiple of 64?
False
Does 123 divide 617091?
True
Does 36 divide 1491896?
False
Is 1490670 a multiple of 13?
False
Is 106 a factor of 1506855?
False
Is 3671355 a multiple of 15?
True
Is 118899 a multiple of 84?
False
Does 18 divide 160093?
False
Is 10 a factor of 236440?
True
Is 4 a factor of 705875?
False
Is 147 a factor of 5586?
True
Is 400414 a multiple of 151?
False
Does 21 divide 1320165?
True
Is 110449 a multiple of 17?
True
Is 2854 a multiple of 95?
False
Does 9 divide 314355?
False
Is 12 a factor of 94764?
True
Is 1512189 a multiple of 145?
False
Is 11 a factor of 103961?
True
Is 82 a factor of 556616?
True
Is 206 a factor of 14420?
True
Is 9 a factor of 562347?
True
Is 24388 a multiple of 14?
True
Is 141638 a multiple of 134?
True
Is 6546356 a multiple of 110?
False
Is 13711992 a multiple of 24?
True
Is 95214 a multiple of 14?
True
Is 15942935 a multiple of 142?
False
Does 454 divide 2174853?
False
Does 15 divide 82631?
False
Is 21 a factor of 18810?
False
Is 38247 a multiple of 33?
True
Is 2337820 a multiple of 164?
True
Is 46716 a multiple of 229?
True
Is 6 a factor of 292336?
False
Does 37 divide 61215?
False
Is 58 a factor of 51968?
True
Is 548481 a multiple of 12?
False
Is 76367 a multiple of 4?
False
Is 508128 a multiple of 237?
True
Does 1516 divide 1843456?
True
Is 11556666 a multiple of 22?
True
Does 11 divide 1689028?
True
Does 39 divide 103662?
True
Does 938 divide 3117702?
False
Does 35 divide 2100?
True
Is 69 a factor of 83072?
False
Is 1707 a factor of 668267?
False
Does 546 divide 6702051?
False
Does 166 divide 6290072?
True
Does 8 divide 773028?
False
Is 8 a factor of 9873160?
True
Is 204 a factor of 6018396?
False
Is 15 a factor of 4305?
True
Is 572355 a multiple of 35?
True
Is 59625 a multiple of 9?
True
Does 182 divide 226109?
False
Is 10 a factor of 413837?
False
Is 231819 a multiple of 147?
True
Is 54 a factor of 29052?
True
Is 2292656 a multiple of 11?
False
Does 84 divide 18315945?
False
Is 23749 a multiple of 45?
False
Does 10 divide 2516338?
False
Is 167381 a multiple of 33?
False
Does 23 divide 28922?
False
Is 5692913 a multiple of 73?
False
Is 148707 a multiple of 123?
True
Is 181308 a multiple of 273?
False
Does 286 divide 2656834?
False
Is 22 a factor of 162734?
True
Does 9 divide 243503?
False
Does 387 divide 3096?
True
Is 411712 a multiple of 32?
True
Does 30 divide 25239300?
True
Is 8 a factor of 1147033?
False
Is 16 a factor of 3903975?
False
Does 4 divide 32470?
False
Is 3 a factor of 166659?
True
Does 35 divide 351960?
True
Does 192 divide 7644864?
True
Does 404 divide 3013156?
False
Is 334551 a multiple of 112?
False
Does 54 divide 23224?
False
Does 902 divide 408606?
True
Is 832 a factor of 9493364?
False
Is 27479 a multiple of 2?
False
Does 159 divide 1256577?
True
Does 102 divide 2630242?
False
Is 267840 a multiple of 32?
True
Does 15 divide 27150?
True
Is 2682534 a multiple of 93?
False
Is 5391628 a multiple of 11?
True
Is 7685135 a multiple of 216?
False
Does 1223 divide 6232408?
True
Is 146 a factor of 1142186?
False
Is 5164440 a multiple of 8?
True
Is 758130 a multiple of 10?
True
Is 8 a factor of 39144?
True
Is 14 a factor of 28173?
False
Is 225 a factor of 152908?
False
Is 808863 a multiple of 11?
True
Does 21 divide 117569?
False
Is 85858 a multiple of 286?
False
Does 17 divide 1882750?
True
Is 15329818 a multiple of 287?
True
Is 21 a factor of 526554?
True
Is 760999 a multiple of 66?
False
Is 7 a factor of 25293?
False
Does 16 divide 277344?
True
Is 345560 a multiple of 652?
True
Does 201 divide 12925908?
True
Is 239778 a multiple of 77?
True
Is 349771 a multiple of 56?
False
Is 34 a factor of 77683?
False
Is 48 a factor of 850128?
True
Does 2 divide 14166?
True
Is 151965 a multiple of 15?
True
Is 579440 a multiple of 40?
True
Does 13 divide 41236?
True
Does 3 divide 994995?
True
Does 118 divide 882640?
True
Is 1831086 a multiple of 4?
False
Is 7161570 a multiple of 15?
True
Is 115 a factor of 126677?
False
Is 13 a factor of 11758413?
False
Does 27 divide 438534?
True
Is 31 a factor of 14009442?
False
Is 183484 a multiple of 425?
False
Does 329 divide 9098495?
True
Is 405867 a multiple of 231?
True
Is 32 a factor of 11327904?
True
Does 17 divide 47702?
True
Does 14 divide 13285132?
True
Does 10 divide 80184?
False
Does 360 divide 114120?
True
Does 383 divide 1482593?
True
Is 15 a factor of 640200?
True
Is 9 a factor of 58828?
False
Is 68 a factor of 465198?
False
Is 22795 even?
False
Does 9 divide 422675?
False
Does 22 divide 5964332?
True
Does 9 divide 5227686?
True
Is 20820 a multiple of 2?
True
Does 12 divide 1509868?
False
Is 294289 a multiple of 12?
False
Is 171 a factor of 86868?
True
Is 3900854 a multiple of 300?
False
Does 31 divide 16879965?
True
Does 82 divide 784372?
False
Is 167 a factor of 12862507?
True
Is 118 a factor of 6222140?
True
Is 83895 a multiple of 357?
True
Is 87 a factor of 90393?
True
Is 171900 a multiple of 10?
True
Is 7 a factor of 112346?
False
Does 22 divide 668712?
True
Is 29 a factor of 67367?
True
Is 172500 a multiple of 4?
True
Does 722 divide 782648?
True
Is 72387 a multiple of 63?
True
Is 41 a factor of 9758287?
True
Does 92 divide 946508?
False
Is 537380 a multiple of 53?
False
Is 546 a fa